 l + 115965. What is the units digit of q?
0
Suppose 4*q - 2584 = -2*y, 38*q - 5*y - 635 = 37*q. What is the tens digit of q + 3 + -3 + -1 + 1?
4
Let p(a) = a**3 - 8*a**2 + 4*a - 44. Let t be p(13). Suppose t = s - 343. What is the tens digit of s?
9
Let q be (-4)/((-4230)/(-1059) + -4). Suppose n + q = m + m, -4*n - 700 = -2*m. What is the tens digit of m?
5
Let w(k) = 9*k**3 + 12*k**2 - 2*k - 3. Let g be w(9). Suppose 14*m = 26*m - g. What is the units digit of m?
6
Suppose -h - 41 = -4*v, 2*h = v - 3*h - 15. Suppose -3*t + v*t = 4*t. Suppose -4*u = 2*x - 284, -136 = -t*x - x - 5*u. What is the hundreds digit of x?
1
Let z = -9462 - -25653. What is the ten thousands digit of z?
1
Let s(l) be the second derivative of 11*l**3/6 + 3*l**2 + 11*l. Let f be s(2). Suppose -4*j = m - 4*m + f, -m - j = 0. What is the units digit of m?
4
Suppose 1692*f + 76261 = 1697*f - 2*b, 0 = -f + b + 15257. What is the units digit of f?
9
Suppose 2*t = -k + 4495 + 997, -3*t + 9 = 0. Suppose -32*u + k = -4114. What is the units digit of u?
0
Let n = 137 - 131. What is the units digit of 30/n - 2 - -402?
5
Let z = 28 + -26. Suppose -s + 3*s + 14 = z*g, 6 = -3*s. Suppose -5*m - g*o + 79 = -111, -m - 2*o + 36 = 0. What is the tens digit of m?
4
Suppose 0 = 14*b - 12*b + 6. Let g be 0/b - (-5)/5*258. What is the tens digit of (6*6/(-27))/((-4)/g)?
8
Let p = 595 - 611. What is the hundreds digit of (-53788)/(-63) - p/72?
8
Let f be (-19 - 0)*(0 + -3)/3. Suppose 5*v + 11 - 31 = -5*j, -3*v = -4*j - f. What is the hundreds digit of (55 + j)/((-9)/(-24))?
1
Let r(w) = 1380*w**3 + 5*w**2 - 30*w + 29. What is the ten thousands digit of r(3)?
3
Suppose -5*v + 77817 = 7*v - 70875. What is the tens digit of v?
9
Let a(o) = 21*o**3 + 6*o**2 - 13*o + 47. What is the hundreds digit of a(5)?
7
Let k(c) = -1833*c + 8253. What is the ten thousands digit of k(-12)?
3
What is the ten thousands digit of 2298084/40 - 15/12*(-2)/(-25)?
5
Suppose 0 = -3*u - 49 + 25. What is the units digit of (936/96)/((-1)/u)?
8
Let x(a) = -88*a + 1019. What is the units digit of x(-20)?
9
Let z = 3 - 3. Suppose 3*o - 31 - 845 = z. Suppose 3*n = -n + o. What is the units digit of n?
3
Suppose 44*w + 147132 = -70*w + 803544. What is the hundreds digit of w?
7
Let b = 50703 - 29844. What is the units digit of b?
9
Let a(q) = q**3 - 15*q**2 - 35*q + 39. Let m be a(17). Suppose m*c + 16*c = 40546. What is the hundreds digit of c?
0
Let u(r) be the second derivative of 1/6*r**4 + 21*r + 22*r**2 - 11/6*r**3 + 0. What is the units digit of u(7)?
5
Suppose -9*u + 114560 = 11*u. Suppose -u = 75*j - 83*j. What is the hundreds digit of j?
7
Let j(o) = 144*o - 1198. What is the thousands digit of j(42)?
4
Suppose -33147*n + 33121*n = -2012920. What is the thousands digit of n?
7
Let a(k) = -6*k**2 + 9 + 46*k + 5*k**2 - 49*k. Let w be a(-5). What is the units digit of w/1 - (-7 + -41)?
7
Let p(v) = 45*v**2 - 3*v + 1. Suppose 0 = -6*c + 3*c - q + 5, 4*c = 4*q + 12. Let r be p(c). Suppose -r = -4*y + 209. What is the units digit of y?
6
Suppose -6*x + 7742 = -2104. Suppose 141 + x = 2*t. What is the hundreds digit of t?
8
Suppose 19 = 2*p + p - 2*z, p = -2*z + 1. Let l = 10 - p. What is the tens digit of l/10 + -398*(-2)/8?
0
Suppose 6*v - 19 + 7 = 0. Suppose -5*r - 5*s - 5 = 0, -2*s - 23 = -3*r - v*r. Suppose -2*k = -r*k + 31. What is the tens digit of k?
3
Let s(h) = 11*h**2 - 8. Let a = -49 - -53. Let z be s(a). Suppose -3*i = -z - 33. What is the units digit of i?
7
Let c(i) = 2*i**2 + 96*i - 290. What is the thousands digit of c(-68)?
2
Let j be 14/2*8 + 1. Let m(y) = 9*y**2 + 473*y - 126. Let n be m(-53). Let z = n + j. What is the hundreds digit of z?
1
Let o be 0 - 222/18 - (-4)/(-6). Let l(z) = -z - 9. Let m be l(o). What is the tens digit of 12/m*((-98)/(-3) + -2)?
9
Suppose 5*n = 3*r + 61, -5*n = -r - 38 - 19. Suppose n*q + 3*q - 42 = 0. Suppose 5*y - q*s - 118 = 0, 0*y + y - 5*s = 28. What is the units digit of y?
3
Suppose 2*o - 21 + 17 = 0. What is the thousands digit of 1859120/1275 - o/15?
1
Suppose 3*k = 5*r + 436, -342 - 430 = -5*k - 3*r. What is the units digit of (380/k)/(2/1180)?
5
Suppose -32*u + 27*u + 25 = 0. Suppose 2*t + u*t = 4592. What is the units digit of t?
6
Let r = 26005 - 5327. What is the tens digit of r?
7
Let x(d) = -18*d - 9. Let u = 39 - 37. Let z = u - 4. What is the units digit of x(z)?
7
What is the thousands digit of 6/(-3) - (-447453)/83?
5
Let a(t) be the first derivative of t**4/4 + t**2 + 4*t + 11. Let u be a(0). Suppose -50 = -u*n + 2*n. What is the units digit of n?
5
Suppose 12558 = -51*b + 28*b + 24*b. What is the tens digit of b?
5
Suppose 0 = -14*m + 6*m + 4796 + 1132. What is the hundreds digit of m?
7
Let m = 2042 + -206. Suppose m = 5*p - 1029. What is the tens digit of p?
7
Let a be (-3)/15 + (-1048)/10. Let u = -1104 - -1334. Let p = u + a. What is the tens digit of p?
2
Let t be ((1 - 23)*-2)/2. Suppose -j = 5*i + 3 - t, 2*i = -2*j + 14. Suppose -84 = -4*x - 3*w, i*x + 15 = -3*w + 78. What is the units digit of x?
1
Suppose 2*u - 2*q = -0*q + 2, -5*q + 1 = -4*u. Suppose 0 = 13*t - u*t - 28. What is the tens digit of -1*(-162 - t)*1?
6
Let b(r) = 2*r**2 - 16*r + 1. Let m be 98/(-294)*-11*3. What is the tens digit of b(m)?
6
Let w(j) = j**2 - 32*j - 696. What is the hundreds digit of w(69)?
8
Let s(b) = -b**3 + b**2. Let y(q) = 7*q**3 + 5*q**2 - 8*q. Let c(p) = -6*s(p) - y(p). What is the hundreds digit of c(-14)?
4
Let v(u) = -16*u + 37. Let n be v(2). What is the tens digit of ((-17)/(-2) - -1)/(n/260)?
9
Suppose -13*i - 2 = -12*i. Let o be (-1)/i*((-8)/2 - -2). What is the tens digit of (-3)/(-4)*(162 + (o - 1))?
2
Let i(r) = r**2 - 2*r - 19. Let d be i(7). What is the hundreds digit of (-1160)/d*(-1)/((-10)/(-44))?
3
What is the hundreds digit of 278 + -286 - (-2483 + -1)?
4
Let n = -136 + 159. Suppose -n*q - 242 = -34*q. What is the units digit of q?
2
Let n(k) be the third derivative of -11*k**2 + 0*k + 5/12*k**4 + 0*k**3 + 0. What is the units digit of n(6)?
0
Let o(y) = -y**3 + 18*y**2 - 10*y + 1. Let q be o(15). Suppose 3*i - 1887 = -3*v, 2*i + 5*v - 720 - q = 0. What is the hundreds digit of i?
6
Let b(w) = 14578*w - 533. What is the hundreds digit of b(4)?
7
Suppose 5*d + 2*r = 57, 3*r - 5 - 9 = -2*d. Suppose -2*u = -5*s + 1651, 11*u - 993 = -3*s + d*u. What is the units digit of s?
9
Suppose -2*g + 196 = -5*k, 0*k - 5*k - 20 = 0. Suppose 4*v = -3*o + 336 + 9, -o = -v + g. What is the tens digit of v?
8
What is the tens digit of ((-90)/(-9) - -24365) + (-11 - -1)?
6
Let s be 114*(7/(-14) + 1). Let q(y) = 10*y**2 - y + 1. Let x be q(1). Let n = s - x. What is the tens digit of n?
4
Let l = 7 - 2. Let r = 226 + -30. Suppose l*t - r = 39. What is the tens digit of t?
4
What is the units digit of ((9 - -4)/13)/((-5)/(-141425))?
5
Let k(t) be the first derivative of t**4/4 + 5*t**3/3 - 9*t - 20. Let n be k(-6). Let l = 135 + n. What is the units digit of l?
0
Let b(n) = 185*n**2 + 195*n - 1838. What is the tens digit of b(9)?
0
Suppose 0 = 11*a - 8*a - 2424. Let w = -752 + a. What is the tens digit of w?
5
Suppose -4*l - 2*l = -204. Let y = l - 42. What is the tens digit of y/14 - 520/(-28)?
1
Let m(i) be the first derivative of 6*i**2 + 73*i + 112. What is the units digit of m(17)?
7
Suppose 44*h = -62718 + 303773 + 308945. What is the thousands digit of h?
2
Let y(z) = -7*z - 35 + 20*z + 10 + z**2. Let h be y(-14). Let o = 62 + h. What is the tens digit of o?
5
Suppose -217*w + 227*w - 49120 = 0. Suppose 5*b - 43 = w. What is the units digit of b?
1
Let m(h) = -13*h - 6. Let f be m(-12). Let j be 4/(-14) + f/35. Suppose -3*z + 130 = -o + 2*o, 96 = 2*z - j*o. What is the tens digit of z?
4
Let d(h) = -392*h + 2231. What is the hundreds digit of d(-10)?
1
Let w = 16194 - 12064. What is the thousands digit of w?
4
Let f be (-104)/12*(-10 + -200). Suppose -3*g - 24*n = -26*n - f, -4*n + 2460 = 4*g. What is the units digit of g?
0
Suppose 0 = -4*i - 4*x + 716, 8*x - 5*x + 681 = 4*i. Suppose -1 = -2*f + 3, 4*r = -f + i. What is the tens digit of r?
4
Let j = 318 - 703. Let h = 719 + j. Suppose x + 2*x = -4*i + h, 3*x + 3*i - 336 = 0. What is the hundreds digit of x?
1
Let p = 13242 - 2722. What is the units digit of p?
0
Suppose 4*p - 3102 = -6*a + 628, -3*